 = m(q) + 3*r(q). Is a(11) composite?
False
Let z be (8 - 6)/(1/8). Let p be (-176)/(-5) + 1/(-5). Let t = p - z. Is t composite?
False
Let k(n) = -n - 4. Let w be k(-6). Suppose -w*q + 1531 = -295. Is q a composite number?
True
Let j(i) = 7389*i - 265. Is j(6) a composite number?
True
Let t(b) = -7*b**3 + 4*b**2 - 7*b + 2. Let c be t(-5). Let k = 1575 - c. Is k prime?
True
Suppose -8*k = -4*k + 12, 15 = -s - 4*k. Is (2/s)/(-2) - (-139712)/111 a composite number?
False
Suppose -4 = -2*i + 2*h, 2*h + 0 + 2 = 0. Let f(b) = -874*b**3 + 2*b - 1. Let x be f(i). Is ((-2)/3)/(6/x) a composite number?
False
Suppose -3*i - 12 = -i. Let t be -4*((-117)/i - 3). Let b = t - -133. Is b composite?
False
Is (-78998)/(-3)*(-489)/(-326) a prime number?
True
Let j = -4 - -4. Suppose w + 2*w - 6 = j, -4*w + 1265 = 3*d. Is d a prime number?
True
Let z = 57 + -52. Suppose z*x - o - 11664 = 0, x - 1526 = -4*o + 811. Is x a prime number?
True
Let o(q) be the third derivative of 301*q**5/60 - 4*q**2. Is o(-1) composite?
True
Let x(b) = -77*b - 2. Let y be x(-2). Suppose k - 25 = -4*a + y, 3*a + 149 = k. Suppose -6*v + 5*v = -k. Is v composite?
True
Is 2372 - 33/22*4/6 a composite number?
False
Suppose a = -0*n + 3*n - 5884, 0 = -2*n + a + 3923. Suppose -5*s = 2*l - 5378 + 481, 2*s + 3*l = n. Is s composite?
True
Let f be (-3)/(-7) - (-22)/14. Suppose -2*s = -3*v + 4, -f*s + 5 = 2*v - 1. Is v - 3/3 - -334 prime?
False
Suppose 4*x - 8 = 4*q, 3*x + 5*q - 22 = -0*x. Suppose d - 2068 = -3*p, -x*d - 1065 = -p - 354. Is p prime?
True
Let d be 5*(-3 - 34/(-10)). Let u be (d/2)/(1/(-53)). Let c = -38 - u. Is c a composite number?
True
Let w be (-34)/(-17) - (619/1)/(-1). Suppose -a + w + 692 = 0. Is a prime?
False
Suppose 6 = -4*v + 26. Suppose v*p - 2*c = 20514 - 7483, 3*p - 7800 = -5*c. Is p a composite number?
True
Let f = -1482 + 816. Let s = -265 - f. Is s a composite number?
False
Suppose -4*t + 24 = -2*p, 2*t - 16 = 4*p - 2*p. Suppose -5*f + 404 = -4*y + 2055, -y + 439 = t*f. Is y a composite number?
False
Suppose 67*p - 81*p = -86758. Is p a prime number?
True
Let w = -53 + 63. Suppose w*s = 711 + 5159. Is s a composite number?
False
Let b(f) = -f**2 + 52*f - 40. Is b(9) a composite number?
False
Let w be (-16)/(-104) + (2 - (-739)/13). Let p = w - -118. Is p a composite number?
True
Let x be (-147)/18 - -4 - (-1)/6. Is 170/45 + x - 16726/(-18) composite?
False
Let s = 119 + 64. Let f be ((-90)/(-4))/((-1)/(-34)). Suppose d - s = 4*b - f, b + 4*d = 137. Is b a prime number?
False
Let o be 3 + (-2 - -151)*2. Let p = 594 - o. Is p a composite number?
False
Let c(x) = 177*x**2 - 37*x + 1. Is c(-4) a composite number?
True
Let y(a) = 20*a**2 - a - 4. Let x = -8 - -2. Let l be y(x). Suppose -4*o = n - 313, 3*o + l = 5*n - 866. Is n a prime number?
True
Let l(y) = y**3 - 2*y**2 + 2*y. Let z be l(0). Suppose z*n = 3*i + 2*n - 4963, 4*n = 5*i - 8235. Is i composite?
True
Let g = -3985 - -8426. Is g composite?
False
Let k(r) = -9*r**3 - 25*r**2 - 98*r + 10. Is k(-11) composite?
True
Let i(k) = -29*k - 89*k + 37*k - 73*k - 9. Is i(-2) composite?
True
Suppose 169*v = 160*v + 633645. Is v a composite number?
True
Suppose 0 = 19*f - 14*f - 11795. Is f a composite number?
True
Suppose n = 4*n + 6. Let w be (-720)/52 - n/(-13). Let r = w + 69. Is r composite?
True
Let p(z) = -4*z - 6. Let v be p(5). Let o = 28 + v. Is ((-7)/(-4))/(o/472) prime?
False
Let m be (1*-14)/((-3)/12 - 0). Let d be (88/6)/(2/48). Suppose i = -2*g + d + m, 5*i - 416 = -2*g. Is g composite?
True
Suppose y = -2*g + 17771, -35539 = -4*g + 7*y - 10*y. Is g composite?
False
Let n(w) = w**2 - 8*w + 22. Let z be n(19). Suppose 2*i - 995 - z = 0. Is i composite?
False
Suppose 0 = -3*v + 15. Suppose v*x = 10*x - 690. Is (x/8)/((-3)/(-12)) a prime number?
False
Suppose 0 = u - 6*u. Suppose 11*c - 6*c - 605 = u. Is c a prime number?
False
Let w be (-106588)/(-14) - 3/7. Let v = w - 3884. Suppose 3*r + 4*h - v = -2*r, 5*r + h - 3726 = 0. Is r composite?
True
Let n be -10 - -3*10/(-15). Is (1/(-2))/(n/25656) a prime number?
True
Let c(l) = 4*l + 79. Let b be c(-19). Suppose 0 = g + b*v - 1672, -3*g + 11*v = 6*v - 4974. Is g a composite number?
False
Suppose -10*t - 114 = -18644. Is t prime?
False
Let v(t) = 37*t**2 - 4*t - 13. Let h be v(6). Let w = h + -576. Is w a prime number?
True
Suppose -7 = u - 21. Let i(w) be the third derivative of w**5/15 - 7*w**4/24 - 3*w**3/2 + 3*w**2. Is i(u) a prime number?
True
Let n(c) = -246*c + 211. Is n(-58) a composite number?
False
Let v(b) be the second derivative of 4*b**3 + 0 + b - 11/2*b**2. Is v(6) prime?
False
Is (-37336)/(-16) - 4/8 composite?
False
Let t(o) = -o**2 + 9*o - 16. Let q be t(7). Is (q + 0)*(-11805)/6 prime?
False
Suppose -8*z = -v - 5*z + 33718, -v + 33721 = -2*z. Is v a prime number?
False
Let p(j) = 15*j**2 - 35*j - 33. Is p(32) a composite number?
False
Let k(c) = -65*c**3 + 4*c + 3. Let m be k(-2). Let r = 914 - m. Suppose f - r = -2*f. Is f prime?
False
Let s(d) = -11*d**3 + 3*d**2 + 9*d + 4. Suppose 5*a - 3*z = -2*z - 24, -4*z = 3*a + 19. Is s(a) a composite number?
False
Let m be 12*453/6*(-2)/(-4). Let w = m + 506. Is w composite?
True
Let z be (-6)/14 - 12/(-28). Suppose z*h = h - 221. Is h a composite number?
True
Suppose 0 = -4*n + 5*x - 581479, 4*n - x - x + 581494 = 0. Is n/(-66) - (-1 + (-2)/(-3)) prime?
True
Suppose -95*r = -111*r + 39376. Is r a prime number?
False
Suppose 0*d - 16 = -2*m + 2*d, 3*m + 4*d = 38. Suppose 2*f = 4*n - 6648, -m = 2*f - 7*f. Is n prime?
True
Suppose 19 = -f - 7*p + 2*p, 3 = -f - p. Let l = -32 - -28. Is 769/(((-4)/f)/l) a composite number?
False
Let z = 12483 + -2314. Is z a prime number?
True
Let j = -173 - -308. Suppose -2*u + 457 = -4*l + j, 5*u - 3*l - 826 = 0. Is u a prime number?
True
Let z be 2*(2 - (-4)/(-8)). Suppose -4*y + 2*y + 10066 = z*c, -4*c = 16. Is y prime?
True
Let c = 4578 + -1018. Suppose -4*k - 4*x = -c, -4045 + 1381 = -3*k + 3*x. Is k composite?
True
Let k = 13 - -108. Is (k/3)/((-2)/(-6)) prime?
False
Let d(s) = -129*s - 51. Is d(-6) a composite number?
True
Is ((-20)/(-25))/2 - 406899/(-15) composite?
False
Suppose 182194 + 1302278 = 24*f. Is f composite?
True
Let w(u) = u + 3. Let b be w(0). Suppose -2*a + a = 5*i - 433, -81 = -i - b*a. Is i composite?
True
Let u(w) = -2*w**3 - 24*w**2 - 28*w - 43. Is u(-24) a composite number?
True
Suppose -5*r - 3*c + 17561 = 0, -2*r - 4*c + 8370 = 1340. Is r a prime number?
True
Let i = 7993 - -4234. Is i a prime number?
True
Suppose -5*y = -30 - 5. Suppose -9*m = -y*m. Suppose -2*z = -m*z - 652. Is z a prime number?
False
Suppose -4*g - 3*d = 282, -g - 67 = 3*d - 1. Let c = g - -125. Is c composite?
False
Suppose 0 = 13*p - 16*p. Suppose p = 4*b - 4*i - 4980, -2*i + 4996 = 4*b + 2*i. Is b prime?
False
Let j(n) be the first derivative of n**2 - 2*n - 5. Let y be j(2). Suppose -4*h - 118 = -y*v + 54, 0 = v + 4*h - 86. Is v a composite number?
True
Is (4/(-12))/(((-25)/(-573915))/(-5)) composite?
False
Let d = -125 + 748. Is d prime?
False
Let z(x) = 2*x**3 - 7*x**2 - x - 1. Let w be z(4). Suppose w*k - 7*k - 1864 = 0. Is k - (-3 + -9)/4 a composite number?
True
Let f(p) = -49*p + 13. Let d be f(9). Let r = d + 681. Is r prime?
False
Let b = -2533 + 1713. Let a(n) = -8*n - 215. Let o be a(44). Let w = o - b. Is w composite?
True
Is (-702989)/(-49) - 4/(-14) prime?
True
Let m = 9 - 7. Suppose 121 = p - 9. Suppose 48 + p = m*n. Is n prime?
True
Let f be (2/(-2))/(21/(-3423)). Suppose l - 248 - f = 0. Is l composite?
True
Suppose -20 = 2*o - 5*f, -3*o - f + 4 = -7*o. Suppose 2*u - 5851 = -3*l - o*u, 3*l - 5845 = u. Is l prime?
True
Let w = -3 - -15. Let t(h) = -h**3 + 16*h**2 + 12*h + 23. Is t(w) prime?
True
Is 9110760/150 - 3/(-5) a prime number?
False
Let l = 25138 - 17735. Is l composite?
True
Let r(j) = -15*j**3 + j**3 - 11 - 6*j + 9*j**3 + 8*j**3 + 2*j**2. Is r(6) a prime number?
True
Let s(y) = -280*y - 201. Is s(-17) a composite number?
True
Suppose -5*f + 21 = 4*y, 5*y + 3 = f + 22. Suppose 0*d - 16 = y*m + 4*d, 2*m - 4*d = 4. Is (4 + m)*356/8 prime?
True
Suppose 11*z = 20*z. Is 2 - (-2054 + z + 5) a prime number?
False
Let u be -5*((-24)/(-10))/(-4). Suppose u*o = -2*m - 41 + 141, -m + 4*o = -50. Let z = 85 - m. Is z prime?
False
Let n(c) be the seco